
{"id":20178,"date":"2026-03-24T08:52:14","date_gmt":"2026-03-24T07:52:14","guid":{"rendered":"https:\/\/przedszkole17.edu.wroclaw.pl\/?page_id=20178"},"modified":"2026-03-30T09:46:11","modified_gmt":"2026-03-30T07:46:11","slug":"ksef","status":"publish","type":"page","link":"https:\/\/przedszkole17.edu.wroclaw.pl\/index.php\/ksef\/","title":{"rendered":"KSeF"},"content":{"rendered":"<div class=\"wpb-content-wrapper\"><p>[vc_row el_class=&#8221;.ksef&#8221; css=&#8221;.vc_custom_1774856769159{border-top-width: 1px !important;border-right-width: 1px !important;border-bottom-width: 1px !important;border-left-width: 1px !important;border-left-style: solid !important;border-right-style: solid !important;border-top-style: solid !important;border-bottom-style: solid !important;border-radius: 5px !important;border-color: #D5D0D0 !important;}&#8221;][vc_column][vc_column_text css=&#8221;&#8221;]<\/p>\n<div class=\"elementToProof\"><b>KSeF<\/b>&nbsp;\u2013 wystawianie faktur dla Przedszkola nr 17 we Wroc\u0142awiu<\/div>\n<div class=\"elementToProof\">&nbsp;<\/div>\n<div class=\"elementToProof\">Je\u017celi zawarli\u015bcie Pa\u0144stwo umow\u0119 z Gmin\u0105 Wroc\u0142aw (Przedszkolem nr 17 we Wroc\u0142awiu),&nbsp;bardzo prosz\u0119 o wystawianie faktur za \u015bwiadczone us\u0142ugi lub dostawy&nbsp;w nast\u0119puj\u0105cy spos\u00f3b:<\/div>\n<div class=\"elementToProof\">&nbsp;<\/div>\n<div class=\"elementToProof\"><b>Nabywca:<\/b>&nbsp;Gmina Wroc\u0142aw, NIP&nbsp;<span id=\"OBJ_PREFIX_DWT1413_com_zimbra_phone\" class=\"Object\" role=\"link\"><a href=\"callto:897 13 83 551\">897 13 83 551<\/a><\/span><\/div>\n<div class=\"elementToProof\">plac Nowy Targ 1-8, 50-141 Wroc\u0142aw<\/div>\n<div class=\"elementToProof\">&nbsp;<\/div>\n<div class=\"elementToProof\"><b>Podmiot inny\/Odbiorca:<\/b>&nbsp;Przedszkole nr 17, NIP 895&nbsp;2207161<\/div>\n<div class=\"elementToProof\">Ul. Gen Leopolda Okulickiego 2a 51-216 Wroc\u0142aw<\/div>\n<div class=\"elementToProof\">&nbsp;<\/div>\n<div class=\"elementToProof\">Je\u017celi wystawicie Pa\u0144stwo faktur\u0119 w spos\u00f3b wskazany powy\u017cej (tj. podacie Pa\u0144stwo na&nbsp;fakturze dwa numery NIP), faktura trafi z KSeF bezpo\u015brednio do w\u0142a\u015bciwej jednostki. Je\u017celi&nbsp;na fakturze nie b\u0119dzie podanego numeru NIP jednostki, utrudni i wyd\u0142u\u017cy to proces&nbsp;przydzielania faktury do odpowiedniej jednostki.<\/div>\n<div class=\"elementToProof\">&nbsp;<\/div>\n<div class=\"elementToProof\">Bardzo prosz\u0119 r\u00f3wnie\u017c o podawanie na fakturze numeru umowy\/zam\u00f3wienia.<\/div>\n<div class=\"elementToProof\">Powy\u017csze zasady dotycz\u0105 faktur wystawionych za po\u015brednictwem KSeF od dnia 01 lutego<\/div>\n<div class=\"elementToProof\">2026 r.<\/div>\n<p>[\/vc_column_text][\/vc_column][\/vc_row][vc_row][vc_column][vc_column_text css=&#8221;&#8221;]<\/p>\n<h2><strong>Za\u0142\u0105cznik nr 1 do umowy<\/strong><\/h2>\n<h2><strong>Spos\u00f3b wystawiania w KSeF faktur zakupowych dla jednostek organizacyjnych Gminy Wroc\u0142aw<\/strong><\/h2>\n<p><strong>&nbsp;<\/strong><\/p>\n<ol>\n<li><span style=\"font-size: 14pt;\"><strong> Pola dotycz\u0105ce Podmiot2 (Nabywca)<\/strong><\/span><\/li>\n<\/ol>\n<table style=\"height: 327px; width: 44.5889%; border-style: solid; border-color: #000000;\" border=\"1px\" cellspacing=\"0px\" cellpadding=\"10px 15px 20px 25px\">\n<tbody>\n<tr style=\"height: 20pt;\">\n<td style=\"height: 20px;\" rowspan=\"2\" width=\"170\"><span style=\"font-size: 14pt;\">Podmiot2<\/span><\/p>\n<p><span style=\"font-size: 14pt;\">Dane identyfikacyjne<\/span><\/td>\n<td style=\"height: 10px;\" width=\"233\"><span style=\"font-size: 14pt;\">NIP<\/span><\/td>\n<td style=\"height: 10px;\" width=\"201\"><span style=\"font-size: 14pt;\">8971383551<\/span><\/td>\n<\/tr>\n<tr style=\"height: 20pt;\">\n<td style=\"height: 10px;\" width=\"233\"><span style=\"font-size: 14pt;\">Nazwa<\/span><\/td>\n<td style=\"height: 10px;\" width=\"201\"><span style=\"font-size: 14pt;\">Gmina Wroc\u0142aw<\/span><\/td>\n<\/tr>\n<tr style=\"height: 24px;\">\n<td style=\"height: 45px;\" rowspan=\"2\" width=\"170\"><span style=\"font-size: 14pt;\">Podmiot2<\/span><\/p>\n<p><span style=\"font-size: 14pt;\">Adres<\/span><\/td>\n<td style=\"height: 24px;\" width=\"233\"><span style=\"font-size: 14pt;\">KodKraju<\/span><\/td>\n<td style=\"height: 24px;\" width=\"201\"><span style=\"font-size: 14pt;\">PL<\/span><\/td>\n<\/tr>\n<tr style=\"height: 21px;\">\n<td style=\"height: 21px;\" width=\"233\"><span style=\"font-size: 14pt;\">Adres<\/span><\/td>\n<td style=\"height: 21px;\" width=\"201\"><span style=\"font-size: 14pt;\">pl. Nowy Targ 1-8,<\/span><\/p>\n<p><span style=\"font-size: 14pt;\">50-141 Wroc\u0142aw<\/span><\/td>\n<\/tr>\n<tr style=\"height: 24px;\">\n<td style=\"height: 48px;\" rowspan=\"2\" width=\"170\"><span style=\"font-size: 14pt;\">Podmiot2<\/span><\/td>\n<td style=\"height: 24px;\" width=\"233\"><span style=\"font-size: 14pt;\"><strong>JST<\/strong><\/span><\/td>\n<td style=\"height: 24px;\" width=\"201\"><span style=\"font-size: 14pt;\"><strong>1<\/strong><\/span><\/td>\n<\/tr>\n<tr style=\"height: 24px;\">\n<td style=\"height: 24px;\" width=\"233\"><span style=\"font-size: 14pt;\">GV<\/span><\/td>\n<td style=\"height: 24px;\" width=\"201\"><span style=\"font-size: 14pt;\">2<\/span><\/td>\n<\/tr>\n<\/tbody>\n<\/table>\n<p><span style=\"font-size: 14pt;\">Uwagi:<\/span><\/p>\n<ol>\n<li><span style=\"font-size: 14pt;\">zaznaczenie w rubryce \u201eJST\u201d warto\u015bci \u201e1\u201d informuje o tym, \u017ce faktura dotyczy jednostki podrz\u0119dnej (jednostki bud\u017cetowej lub samorz\u0105dowego zak\u0142adu bud\u017cetowego)<\/span><\/li>\n<li><span style=\"font-size: 14pt;\">zaznaczenie w rubryce \u201eGV\u201d warto\u015bci \u201e2\u201d informuje o tym, \u017ce Gmina Wroc\u0142aw nie jest grup\u0105 VAT<\/span><\/li>\n<\/ol>\n<p>&nbsp;<\/p>\n<ol start=\"2\">\n<li><span style=\"font-size: 14pt;\"><strong>2<\/strong>. <strong>Pola dotycz\u0105ce Podmiot3 <\/strong><\/span><\/li>\n<\/ol>\n<table style=\"width: 40.2606%; border-style: solid; border-color: #000000;\" border=\"1px\" width=\"40.2606%\" cellspacing=\"0px\" cellpadding=\"10px\">\n<tbody>\n<tr>\n<td style=\"width: 27.8317%;\" rowspan=\"2\" width=\"170\"><span style=\"font-size: 14pt;\">Podmiot3<\/span><\/p>\n<p><span style=\"font-size: 14pt;\">Dane identyfikacyjne<\/span><\/td>\n<td style=\"width: 36.7314%;\" width=\"233\"><span style=\"font-size: 14pt;\">NIP<\/span><\/td>\n<td style=\"width: 33.8188%;\" width=\"211\"><span style=\"font-size: 14pt;\">8952207161<\/span><\/td>\n<\/tr>\n<tr>\n<td style=\"width: 36.7314%;\" width=\"233\"><span style=\"font-size: 14pt;\">Nazwa<\/span><\/td>\n<td style=\"width: 33.8188%;\" width=\"211\"><span style=\"font-size: 14pt;\">Przedszkole nr 17<\/span><\/p>\n<p>&nbsp;<\/td>\n<\/tr>\n<tr>\n<td style=\"width: 27.8317%;\" rowspan=\"2\" width=\"170\"><span style=\"font-size: 14pt;\">Podmiot3<\/span><\/p>\n<p><span style=\"font-size: 14pt;\">Adres<\/span><\/td>\n<td style=\"width: 36.7314%;\" width=\"233\"><span style=\"font-size: 14pt;\">Kod Kraju<\/span><\/td>\n<td style=\"width: 33.8188%;\" width=\"211\"><span style=\"font-size: 14pt;\">PL<\/span><\/td>\n<\/tr>\n<tr>\n<td style=\"width: 36.7314%;\" width=\"233\"><span style=\"font-size: 14pt;\">Adres<\/span><\/td>\n<td style=\"width: 33.8188%;\" width=\"211\"><span style=\"font-size: 14pt;\">Ul. Gen Leopolda Okulickiego 2a 51-216 Wroc\u0142aw<\/span><\/td>\n<\/tr>\n<tr>\n<td style=\"width: 27.8317%;\" width=\"170\"><span style=\"font-size: 14pt;\">Podmiot3<\/span><\/td>\n<td style=\"width: 36.7314%;\" width=\"233\"><span style=\"font-size: 14pt;\"><strong>Rola<\/strong><\/span><\/td>\n<td style=\"width: 33.8188%;\" width=\"211\"><span style=\"font-size: 14pt;\"><strong>8<\/strong><\/span><\/td>\n<\/tr>\n<\/tbody>\n<\/table>\n<p><span style=\"font-size: 14pt;\">Uwagi:<\/span><\/p>\n<ol>\n<li><span style=\"font-size: 14pt;\">W polach NIP\/nazwa\/adres znajduj\u0105 si\u0119 dane jednostki organizacyjnej, na rzecz kt\u00f3rej wystawiana jest faktura<\/span><\/li>\n<li><span style=\"font-size: 14pt;\">w polu \u201eRola\u201d prosz\u0119 poda\u0107 8-JST odbiorca.<\/span><\/li>\n<\/ol>\n<p>[\/vc_column_text][\/vc_column][\/vc_row]<\/p>\n<\/div>","protected":false},"excerpt":{"rendered":"<p>[vc_row el_class=&#8221;.ksef&#8221; css=&#8221;.vc_custom_1774856769159{border-top-width: 1px !important;border-right-width: 1px !important;border-bottom-width: 1px !important;border-left-width: 1px !important;border-left-style: solid !important;border-right-style: solid !important;border-top-style: solid !important;border-bottom-style: solid !important;border-radius: 5px !important;border-color: #D5D0D0 !important;}&#8221;][vc_column][vc_column_text css=&#8221;&#8221;] KSeF&nbsp;\u2013 wystawianie faktur dla Przedszkola nr [&hellip;]<\/p>\n","protected":false},"author":72,"featured_media":0,"parent":0,"menu_order":0,"comment_status":"closed","ping_status":"closed","template":"","meta":{"ngg_post_thumbnail":0,"footnotes":""},"class_list":["post-20178","page","type-page","status-publish","hentry","clearfix"],"_links":{"self":[{"href":"https:\/\/przedszkole17.edu.wroclaw.pl\/index.php\/wp-json\/wp\/v2\/pages\/20178","targetHints":{"allow":["GET"]}}],"collection":[{"href":"https:\/\/przedszkole17.edu.wroclaw.pl\/index.php\/wp-json\/wp\/v2\/pages"}],"about":[{"href":"https:\/\/przedszkole17.edu.wroclaw.pl\/index.php\/wp-json\/wp\/v2\/types\/page"}],"author":[{"embeddable":true,"href":"https:\/\/przedszkole17.edu.wroclaw.pl\/index.php\/wp-json\/wp\/v2\/users\/72"}],"replies":[{"embeddable":true,"href":"https:\/\/przedszkole17.edu.wroclaw.pl\/index.php\/wp-json\/wp\/v2\/comments?post=20178"}],"version-history":[{"count":9,"href":"https:\/\/przedszkole17.edu.wroclaw.pl\/index.php\/wp-json\/wp\/v2\/pages\/20178\/revisions"}],"predecessor-version":[{"id":20230,"href":"https:\/\/przedszkole17.edu.wroclaw.pl\/index.php\/wp-json\/wp\/v2\/pages\/20178\/revisions\/20230"}],"wp:attachment":[{"href":"https:\/\/przedszkole17.edu.wroclaw.pl\/index.php\/wp-json\/wp\/v2\/media?parent=20178"}],"curies":[{"name":"wp","href":"https:\/\/api.w.org\/{rel}","templated":true}]}}