
{"id":3352,"date":"2020-09-23T09:50:17","date_gmt":"2020-09-23T07:50:17","guid":{"rendered":"https:\/\/przedszkole17.edu.wroclaw.pl\/?page_id=3352"},"modified":"2025-09-29T15:56:16","modified_gmt":"2025-09-29T13:56:16","slug":"rada-rodzicow","status":"publish","type":"page","link":"https:\/\/przedszkole17.edu.wroclaw.pl\/index.php\/dla-rodzicow\/rada-rodzicow\/","title":{"rendered":"Rada Rodzic\u00f3w"},"content":{"rendered":"<div class=\"wpb-content-wrapper\"><p>[vc_row][vc_column][vc_column_text css_animation=&#8221;bounceIn&#8221; css=&#8221;&#8221;]Szanowni Rodzice, zapraszamy do kontaktu wszystkich rodzic\u00f3w naszej przedszkolnej spo\u0142eczno\u015bci, w sprawach dotycz\u0105cych naszego przedszkola. Dost\u0119p do poczty b\u0119d\u0105 mie\u0107 cz\u0142onkowie Rady Rodzic\u00f3w.<br \/>\n<b>rada.rodzicow@przedszkole17.hub.pl\u00a0<\/b><\/p>\n<h5>Regulamin Rady Rodzic\u00f3w-<a href=\"https:\/\/przedszkole17.edu.wroclaw.pl\/wp-content\/uploads\/sites\/41\/2020\/10\/Regulamin-RR.pdf\" target=\"_blank\" rel=\"noopener noreferrer\">szczeg\u00f3\u0142y<\/a><\/h5>\n<h5>Sk\u0142ad Rady Rodzic\u00f3w 2025\/2026<\/h5>\n<p><a href=\"https:\/\/przedszkole17.edu.wroclaw.pl\/wp-content\/uploads\/sites\/41\/2025\/09\/Sklad-Rady-Rodzicow-P17.doc\">Sk\u0142ad Rady Rodzic\u00f3w P17<\/a>[\/vc_column_text][\/vc_column][\/vc_row]<\/p>\n<\/div>","protected":false},"excerpt":{"rendered":"<p>[vc_row][vc_column][vc_column_text css_animation=&#8221;bounceIn&#8221; css=&#8221;&#8221;]Szanowni Rodzice, zapraszamy do kontaktu wszystkich rodzic\u00f3w naszej przedszkolnej spo\u0142eczno\u015bci, w sprawach dotycz\u0105cych naszego przedszkola. Dost\u0119p do poczty b\u0119d\u0105 mie\u0107 cz\u0142onkowie Rady Rodzic\u00f3w. rada.rodzicow@przedszkole17.hub.pl\u00a0 Regulamin Rady Rodzic\u00f3w-szczeg\u00f3\u0142y Sk\u0142ad [&hellip;]<\/p>\n","protected":false},"author":72,"featured_media":0,"parent":15,"menu_order":0,"comment_status":"closed","ping_status":"closed","template":"","meta":{"ngg_post_thumbnail":0,"footnotes":""},"class_list":["post-3352","page","type-page","status-publish","hentry","clearfix"],"_links":{"self":[{"href":"https:\/\/przedszkole17.edu.wroclaw.pl\/index.php\/wp-json\/wp\/v2\/pages\/3352","targetHints":{"allow":["GET"]}}],"collection":[{"href":"https:\/\/przedszkole17.edu.wroclaw.pl\/index.php\/wp-json\/wp\/v2\/pages"}],"about":[{"href":"https:\/\/przedszkole17.edu.wroclaw.pl\/index.php\/wp-json\/wp\/v2\/types\/page"}],"author":[{"embeddable":true,"href":"https:\/\/przedszkole17.edu.wroclaw.pl\/index.php\/wp-json\/wp\/v2\/users\/72"}],"replies":[{"embeddable":true,"href":"https:\/\/przedszkole17.edu.wroclaw.pl\/index.php\/wp-json\/wp\/v2\/comments?post=3352"}],"version-history":[{"count":17,"href":"https:\/\/przedszkole17.edu.wroclaw.pl\/index.php\/wp-json\/wp\/v2\/pages\/3352\/revisions"}],"predecessor-version":[{"id":19019,"href":"https:\/\/przedszkole17.edu.wroclaw.pl\/index.php\/wp-json\/wp\/v2\/pages\/3352\/revisions\/19019"}],"up":[{"embeddable":true,"href":"https:\/\/przedszkole17.edu.wroclaw.pl\/index.php\/wp-json\/wp\/v2\/pages\/15"}],"wp:attachment":[{"href":"https:\/\/przedszkole17.edu.wroclaw.pl\/index.php\/wp-json\/wp\/v2\/media?parent=3352"}],"curies":[{"name":"wp","href":"https:\/\/api.w.org\/{rel}","templated":true}]}}