
{"id":35,"date":"2019-06-10T14:38:44","date_gmt":"2019-06-10T12:38:44","guid":{"rendered":"https:\/\/przedszkole17.edu.wroclaw.pl\/?page_id=35"},"modified":"2026-04-07T08:39:04","modified_gmt":"2026-04-07T06:39:04","slug":"zabki","status":"publish","type":"page","link":"https:\/\/przedszkole17.edu.wroclaw.pl\/index.php\/grupy\/zabki\/","title":{"rendered":"Kotki"},"content":{"rendered":"<div class=\"wpb-content-wrapper\"><p>[vc_row][vc_column][vc_column_text css=&#8221;&#8221;]<span style=\"font-size: 14pt;font-family: arial, helvetica, sans-serif\"><b>GODZINY FUNKCJONOWANIA ODDZIA\u0141U:<\/b><\/span><\/p>\n<p><strong><span style=\"font-size: 14pt;font-family: arial, helvetica, sans-serif\">7:00 &#8211; 12:00<\/span><\/strong><\/p>\n<p><strong><span style=\"font-family: arial, helvetica, sans-serif;font-size: 14pt\">12:00 &#8211; 17:00<\/span><\/strong>[\/vc_column_text][vc_zigzag color=&#8221;green&#8221;][vc_empty_space][\/vc_column][\/vc_row][vc_row][vc_column][vc_column_text css=&#8221;&#8221;]<strong>W Gr. II Kotki mieszkaj\u0105<\/strong><br \/>\n<strong>i od rana do wszystkich si\u0119 u\u015bmiechaj\u0105.<\/strong><br \/>\n<strong>Troch\u0119 miaucz\u0105, troch\u0119 mrucz\u0105,<\/strong><br \/>\n<strong>piosenek i wierszyk\u00f3w si\u0119 ucz\u0105.<\/strong><br \/>\n<strong>Obiadki pi\u0119knie zjadaj\u0105<\/strong><br \/>\n<strong>i na le\u017caczkach ch\u0119tnie odpoczywaj\u0105.<\/strong><br \/>\n<strong>Panie Gosia, Madzia, Ania i Beatka\u00a0<\/strong><br \/>\n<strong>o Kotki swoje dbaj\u0105<\/strong><br \/>\n<strong>i w zabawie, i \u00a0nauce im pomagaj\u0105.<\/strong>[\/vc_column_text][vc_zigzag color=&#8221;green&#8221;][vc_empty_space][\/vc_column][\/vc_row][vc_row][vc_column][vc_column_text css=&#8221;&#8221;]<strong><span style=\"font-family: arial, helvetica, sans-serif;font-size: 14pt\">Nauczycielki:<\/span><\/strong><\/p>\n<p><span style=\"font-family: arial, helvetica, sans-serif;font-size: 14pt\">Ma\u0142gorzata Paklepa<\/span><\/p>\n<p><span style=\"font-family: arial, helvetica, sans-serif;font-size: 14pt\">Magdalena Hulisz<\/span><\/p>\n<p><strong><span style=\"font-family: arial, helvetica, sans-serif;font-size: 14pt\">Pomoc nauczyciela:<\/span><\/strong><\/p>\n<p><span style=\"font-family: arial, helvetica, sans-serif;font-size: 14pt\">Anna\u00a0<\/span><\/p>\n<p><strong><span style=\"font-family: arial, helvetica, sans-serif;font-size: 14pt\">Pomoc techniczna:<\/span><\/strong><\/p>\n<p><span style=\"font-family: arial, helvetica, sans-serif;font-size: 14pt\">Beata<\/span>[\/vc_column_text][vc_zigzag color=&#8221;green&#8221;][vc_column_text css=&#8221;&#8221;]<\/p>\n<p style=\"text-align: center\"><span style=\"font-size: 18pt\"><strong><span style=\"font-family: arial, helvetica, sans-serif\">NASZA SALA<\/span><\/strong><\/span><\/p>\n<p>[\/vc_column_text][vc_zigzag color=&#8221;green&#8221;][vc_single_image image=&#8221;18916&#8243; img_size=&#8221;large&#8221; alignment=&#8221;center&#8221; css=&#8221;&#8221;][vc_single_image image=&#8221;18917&#8243; img_size=&#8221;large&#8221; alignment=&#8221;center&#8221; css=&#8221;&#8221;][vc_empty_space][\/vc_column][\/vc_row][vc_row][vc_column][vc_empty_space][vc_column_text css=&#8221;&#8221;]<span style=\"font-size: 14pt;font-family: arial, helvetica, sans-serif\">W naszej grupie realizowane s\u0105 innowacje pedagogiczne:<\/span><\/p>\n<p><span style=\"font-size: 14pt;font-family: arial, helvetica, sans-serif\">Socjoterapia, spotkania kt\u00f3re \u0142\u0105cz\u0105 <a href=\"https:\/\/przedszkole17.edu.wroclaw.pl\/wp-content\/uploads\/sites\/41\/2025\/09\/INNOWACJA-PEDAGOGICZNA-22Socjoterapia-spotkania-ktore-lacza.22.docx\">&#8211; szczeg\u00f3\u0142y<\/a><\/span><\/p>\n<p><span style=\"font-size: 14pt;font-family: arial, helvetica, sans-serif\">Terapia r\u0119ki \u00a0<a href=\"https:\/\/przedszkole17.edu.wroclaw.pl\/wp-content\/uploads\/sites\/41\/2023\/09\/sprawne-raczki.pdf\">&#8211; szczeg\u00f3\u0142y<\/a><\/span>[\/vc_column_text][vc_zigzag color=&#8221;green&#8221;][vc_empty_space][vc_gallery type=&#8221;image_grid&#8221; images=&#8221;18780&#8243; img_size=&#8221;large&#8221; css=&#8221;&#8221; title=&#8221;Witajcie maluszki&#8221;][vc_empty_space][vc_zigzag color=&#8221;green&#8221;][vc_empty_space][vc_column_text css=&#8221;&#8221;]<a href=\"https:\/\/przedszkole17.edu.wroclaw.pl\/wp-content\/uploads\/sites\/41\/2026\/04\/KWIECIEN-PIOSENKA-I-WIERSZ.pdf\"><strong><span style=\"font-size: 14pt\">Kwiecie\u0144- piosenka i wiersz<\/span><\/strong><\/a>[\/vc_column_text][vc_empty_space][vc_zigzag color=&#8221;green&#8221;][vc_empty_space][vc_column_text css=&#8221;&#8221;]<a href=\"https:\/\/przedszkole17.edu.wroclaw.pl\/wp-content\/uploads\/sites\/41\/2026\/03\/Marzec-piosenka-i-wiersz.pdf\"><strong><span style=\"font-size: 14pt\">Marzec &#8211; piosenka i wiersz<\/span><\/strong><\/a>[\/vc_column_text][vc_empty_space][vc_zigzag color=&#8221;green&#8221;][vc_empty_space][vc_column_text css=&#8221;&#8221;]<a href=\"https:\/\/przedszkole17.edu.wroclaw.pl\/wp-content\/uploads\/sites\/41\/2026\/02\/Tematyka-na-miesiac-luty.pdf\"><strong><span style=\"font-size: 14pt\">Luty &#8211; piosenka i wiersz<\/span><\/strong><\/a>[\/vc_column_text][vc_empty_space][vc_zigzag color=&#8221;green&#8221;][vc_empty_space][vc_column_text css=&#8221;&#8221;]<a href=\"https:\/\/przedszkole17.edu.wroclaw.pl\/wp-content\/uploads\/sites\/41\/2026\/01\/Styczen-piosenka-i-wier-sz.pdf\"><strong><span style=\"font-size: 14pt\">Stycze\u0144 &#8211; piosenka i wiersz<\/span><\/strong><\/a>[\/vc_column_text][vc_empty_space][vc_zigzag color=&#8221;green&#8221;][vc_empty_space][vc_column_text css=&#8221;&#8221;]<a href=\"https:\/\/przedszkole17.edu.wroclaw.pl\/wp-content\/uploads\/sites\/41\/2025\/12\/Red-and-White-Simple-Christmas-Poster.png\"><strong><span style=\"font-size: 14pt\">Grudzie\u0144 &#8211; piosenka i wiersz<\/span><\/strong><\/a>[\/vc_column_text][vc_empty_space][vc_zigzag color=&#8221;green&#8221;][vc_empty_space][vc_column_text css=&#8221;&#8221;]<a href=\"https:\/\/przedszkole17.edu.wroclaw.pl\/wp-content\/uploads\/sites\/41\/2025\/11\/Listopad-piosenka-i-wiersz.pdf\"><strong><span style=\"font-size: 14pt\">Listopad &#8211; piosenka i wiersz<\/span><\/strong><\/a>[\/vc_column_text][vc_empty_space][vc_zigzag color=&#8221;green&#8221;][vc_empty_space][vc_column_text css=&#8221;&#8221;]<a href=\"https:\/\/przedszkole17.edu.wroclaw.pl\/wp-content\/uploads\/sites\/41\/2025\/10\/PAZDZIERNIK-.png\"><strong><span style=\"font-size: 14pt\">Pa\u017adziernik &#8211; piosenka i wiersz<\/span><\/strong><\/a>[\/vc_column_text][vc_empty_space][vc_zigzag color=&#8221;green&#8221;][vc_empty_space][vc_column_text css=&#8221;&#8221;]<a href=\"https:\/\/przedszkole17.edu.wroclaw.pl\/wp-content\/uploads\/sites\/41\/2025\/09\/Wrzesien-piosenka-i-wiersz.pdf\"><strong><span style=\"font-size: 14pt\">Wrzesie\u0144 &#8211; piosenka i wiersz<\/span><\/strong><\/a>[\/vc_column_text][vc_empty_space][vc_zigzag color=&#8221;green&#8221;][vc_gallery type=&#8221;image_grid&#8221; images=&#8221;18150&#8243; img_size=&#8221;large&#8221; css=&#8221;&#8221;][\/vc_column][\/vc_row][vc_row][vc_column][\/vc_column][\/vc_row]<\/p>\n<\/div>","protected":false},"excerpt":{"rendered":"<p>[vc_row][vc_column][vc_column_text css=&#8221;&#8221;]GODZINY FUNKCJONOWANIA ODDZIA\u0141U: 7:00 &#8211; 12:00 12:00 &#8211; 17:00[\/vc_column_text][vc_zigzag color=&#8221;green&#8221;][vc_empty_space][\/vc_column][\/vc_row][vc_row][vc_column][vc_column_text css=&#8221;&#8221;]W Gr. II Kotki mieszkaj\u0105 i od rana do wszystkich si\u0119 u\u015bmiechaj\u0105. Troch\u0119 miaucz\u0105, troch\u0119 mrucz\u0105, piosenek i wierszyk\u00f3w [&hellip;]<\/p>\n","protected":false},"author":72,"featured_media":0,"parent":19,"menu_order":0,"comment_status":"closed","ping_status":"closed","template":"","meta":{"ngg_post_thumbnail":0,"footnotes":""},"class_list":["post-35","page","type-page","status-publish","hentry","clearfix"],"_links":{"self":[{"href":"https:\/\/przedszkole17.edu.wroclaw.pl\/index.php\/wp-json\/wp\/v2\/pages\/35","targetHints":{"allow":["GET"]}}],"collection":[{"href":"https:\/\/przedszkole17.edu.wroclaw.pl\/index.php\/wp-json\/wp\/v2\/pages"}],"about":[{"href":"https:\/\/przedszkole17.edu.wroclaw.pl\/index.php\/wp-json\/wp\/v2\/types\/page"}],"author":[{"embeddable":true,"href":"https:\/\/przedszkole17.edu.wroclaw.pl\/index.php\/wp-json\/wp\/v2\/users\/72"}],"replies":[{"embeddable":true,"href":"https:\/\/przedszkole17.edu.wroclaw.pl\/index.php\/wp-json\/wp\/v2\/comments?post=35"}],"version-history":[{"count":212,"href":"https:\/\/przedszkole17.edu.wroclaw.pl\/index.php\/wp-json\/wp\/v2\/pages\/35\/revisions"}],"predecessor-version":[{"id":20289,"href":"https:\/\/przedszkole17.edu.wroclaw.pl\/index.php\/wp-json\/wp\/v2\/pages\/35\/revisions\/20289"}],"up":[{"embeddable":true,"href":"https:\/\/przedszkole17.edu.wroclaw.pl\/index.php\/wp-json\/wp\/v2\/pages\/19"}],"wp:attachment":[{"href":"https:\/\/przedszkole17.edu.wroclaw.pl\/index.php\/wp-json\/wp\/v2\/media?parent=35"}],"curies":[{"name":"wp","href":"https:\/\/api.w.org\/{rel}","templated":true}]}}

<div class="wpb-content-wrapper"><p>[vc_row][vc_column][vc_column_text css=&#8221;&#8221;]<span style="font-size: 14pt;font-family: arial, helvetica, sans-serif"><b>GODZINY FUNKCJONOWANIA ODDZIAŁU:</b></span></p>
<p><strong><span style="font-size: 14pt;font-family: arial, helvetica, sans-serif">7:00 &#8211; 12:00</span></strong></p>
<p><strong><span style="font-family: arial, helvetica, sans-serif;font-size: 14pt">12:00 &#8211; 17:00</span></strong>[/vc_column_text][vc_zigzag color=&#8221;green&#8221;][vc_empty_space][/vc_column][/vc_row][vc_row][vc_column][vc_column_text css=&#8221;&#8221;]<strong>W Gr. II Kotki mieszkają</strong><br />
<strong>i od rana do wszystkich się uśmiechają.</strong><br />
<strong>Trochę miauczą, trochę mruczą,</strong><br />
<strong>piosenek i wierszyków się uczą.</strong><br />
<strong>Obiadki pięknie zjadają</strong><br />
<strong>i na leżaczkach chętnie odpoczywają.</strong><br />
<strong>Panie Gosia, Madzia, Ania i Beatka </strong><br />
<strong>o Kotki swoje dbają</strong><br />
<strong>i w zabawie, i  nauce im pomagają.</strong>[/vc_column_text][vc_zigzag color=&#8221;green&#8221;][vc_empty_space][/vc_column][/vc_row][vc_row][vc_column][vc_column_text css=&#8221;&#8221;]<strong><span style="font-family: arial, helvetica, sans-serif;font-size: 14pt">Nauczycielki:</span></strong></p>
<p><span style="font-family: arial, helvetica, sans-serif;font-size: 14pt">Małgorzata Paklepa</span></p>
<p><span style="font-family: arial, helvetica, sans-serif;font-size: 14pt">Magdalena Hulisz</span></p>
<p><strong><span style="font-family: arial, helvetica, sans-serif;font-size: 14pt">Pomoc nauczyciela:</span></strong></p>
<p><span style="font-family: arial, helvetica, sans-serif;font-size: 14pt">Anna </span></p>
<p><strong><span style="font-family: arial, helvetica, sans-serif;font-size: 14pt">Pomoc techniczna:</span></strong></p>
<p><span style="font-family: arial, helvetica, sans-serif;font-size: 14pt">Beata</span>[/vc_column_text][vc_zigzag color=&#8221;green&#8221;][vc_column_text css=&#8221;&#8221;]</p>
<p style="text-align: center"><span style="font-size: 18pt"><strong><span style="font-family: arial, helvetica, sans-serif">NASZA SALA</span></strong></span></p>
<p>[/vc_column_text][vc_zigzag color=&#8221;green&#8221;][vc_single_image image=&#8221;18916&#8243; img_size=&#8221;large&#8221; alignment=&#8221;center&#8221; css=&#8221;&#8221;][vc_single_image image=&#8221;18917&#8243; img_size=&#8221;large&#8221; alignment=&#8221;center&#8221; css=&#8221;&#8221;][vc_empty_space][/vc_column][/vc_row][vc_row][vc_column][vc_empty_space][vc_column_text css=&#8221;&#8221;]<span style="font-size: 14pt;font-family: arial, helvetica, sans-serif">W naszej grupie realizowane są innowacje pedagogiczne:</span></p>
<p><span style="font-size: 14pt;font-family: arial, helvetica, sans-serif">Socjoterapia, spotkania które łączą <a href="https://przedszkole17.edu.wroclaw.pl/wp-content/uploads/sites/41/2025/09/INNOWACJA-PEDAGOGICZNA-22Socjoterapia-spotkania-ktore-lacza.22.docx">&#8211; szczegóły</a></span></p>
<p><span style="font-size: 14pt;font-family: arial, helvetica, sans-serif">Terapia ręki  <a href="https://przedszkole17.edu.wroclaw.pl/wp-content/uploads/sites/41/2023/09/sprawne-raczki.pdf">&#8211; szczegóły</a></span>[/vc_column_text][vc_zigzag color=&#8221;green&#8221;][vc_empty_space][vc_gallery type=&#8221;image_grid&#8221; images=&#8221;18780&#8243; img_size=&#8221;large&#8221; css=&#8221;&#8221; title=&#8221;Witajcie maluszki&#8221;][vc_empty_space][vc_zigzag color=&#8221;green&#8221;][vc_empty_space][vc_column_text css=&#8221;&#8221;]<a href="https://przedszkole17.edu.wroclaw.pl/wp-content/uploads/sites/41/2026/04/KWIECIEN-PIOSENKA-I-WIERSZ.pdf"><strong><span style="font-size: 14pt">Kwiecień- piosenka i wiersz</span></strong></a>[/vc_column_text][vc_empty_space][vc_zigzag color=&#8221;green&#8221;][vc_empty_space][vc_column_text css=&#8221;&#8221;]<a href="https://przedszkole17.edu.wroclaw.pl/wp-content/uploads/sites/41/2026/03/Marzec-piosenka-i-wiersz.pdf"><strong><span style="font-size: 14pt">Marzec &#8211; piosenka i wiersz</span></strong></a>[/vc_column_text][vc_empty_space][vc_zigzag color=&#8221;green&#8221;][vc_empty_space][vc_column_text css=&#8221;&#8221;]<a href="https://przedszkole17.edu.wroclaw.pl/wp-content/uploads/sites/41/2026/02/Tematyka-na-miesiac-luty.pdf"><strong><span style="font-size: 14pt">Luty &#8211; piosenka i wiersz</span></strong></a>[/vc_column_text][vc_empty_space][vc_zigzag color=&#8221;green&#8221;][vc_empty_space][vc_column_text css=&#8221;&#8221;]<a href="https://przedszkole17.edu.wroclaw.pl/wp-content/uploads/sites/41/2026/01/Styczen-piosenka-i-wier-sz.pdf"><strong><span style="font-size: 14pt">Styczeń &#8211; piosenka i wiersz</span></strong></a>[/vc_column_text][vc_empty_space][vc_zigzag color=&#8221;green&#8221;][vc_empty_space][vc_column_text css=&#8221;&#8221;]<a href="https://przedszkole17.edu.wroclaw.pl/wp-content/uploads/sites/41/2025/12/Red-and-White-Simple-Christmas-Poster.png"><strong><span style="font-size: 14pt">Grudzień &#8211; piosenka i wiersz</span></strong></a>[/vc_column_text][vc_empty_space][vc_zigzag color=&#8221;green&#8221;][vc_empty_space][vc_column_text css=&#8221;&#8221;]<a href="https://przedszkole17.edu.wroclaw.pl/wp-content/uploads/sites/41/2025/11/Listopad-piosenka-i-wiersz.pdf"><strong><span style="font-size: 14pt">Listopad &#8211; piosenka i wiersz</span></strong></a>[/vc_column_text][vc_empty_space][vc_zigzag color=&#8221;green&#8221;][vc_empty_space][vc_column_text css=&#8221;&#8221;]<a href="https://przedszkole17.edu.wroclaw.pl/wp-content/uploads/sites/41/2025/10/PAZDZIERNIK-.png"><strong><span style="font-size: 14pt">Październik &#8211; piosenka i wiersz</span></strong></a>[/vc_column_text][vc_empty_space][vc_zigzag color=&#8221;green&#8221;][vc_empty_space][vc_column_text css=&#8221;&#8221;]<a href="https://przedszkole17.edu.wroclaw.pl/wp-content/uploads/sites/41/2025/09/Wrzesien-piosenka-i-wiersz.pdf"><strong><span style="font-size: 14pt">Wrzesień &#8211; piosenka i wiersz</span></strong></a>[/vc_column_text][vc_empty_space][vc_zigzag color=&#8221;green&#8221;][vc_gallery type=&#8221;image_grid&#8221; images=&#8221;18150&#8243; img_size=&#8221;large&#8221; css=&#8221;&#8221;][/vc_column][/vc_row][vc_row][vc_column][/vc_column][/vc_row]</p>
</div>

<p>[vc_row][vc_column][vc_column_text css=&#8221;&#8221;]GODZINY FUNKCJONOWANIA ODDZIAŁU: 7:00 &#8211; 12:00 12:00 &#8211; 17:00[/vc_column_text][vc_zigzag color=&#8221;green&#8221;][vc_empty_space][/vc_column][/vc_row][vc_row][vc_column][vc_column_text css=&#8221;&#8221;]W Gr. II Kotki mieszkają i od rana do wszystkich się uśmiechają. Trochę miauczą, trochę mruczą, piosenek i wierszyków [&hellip;]</p>
