
{"id":5985,"date":"2021-10-07T13:37:08","date_gmt":"2021-10-07T11:37:08","guid":{"rendered":"https:\/\/przedszkole17.edu.wroclaw.pl\/?page_id=5985"},"modified":"2025-09-26T12:32:02","modified_gmt":"2025-09-26T10:32:02","slug":"przerwa-wakacyjna","status":"publish","type":"page","link":"https:\/\/przedszkole17.edu.wroclaw.pl\/index.php\/dla-rodzicow\/przerwa-wakacyjna\/","title":{"rendered":"Przerwa wakacyjna"},"content":{"rendered":"<div class=\"wpb-content-wrapper\"><p>[vc_row][vc_column][vc_column_text css=&#8221;&#8221;]<span style=\"font-family: arial, helvetica, sans-serif;font-size: 14pt\">Informujemy, \u017ce przedszkole ma przerw\u0119 wakacyjn\u0105 w miesi\u0105cu SIERPNIU w 2026 r.\u00a0<\/span><\/p>\n<p><strong>SYSTEM OPIEKI WAKACYJNEJ W PRZEDSZKOLU NR 17<\/strong><\/p>\n<p><strong>TERMINY:<\/strong><\/p>\n<ol>\n<li><strong>Do 15 ma<\/strong><strong>ja<\/strong> \u2013 zbieranie od rodzic\u00f3w za potwierdzeniem wniosk\u00f3w korzystania z naszego przedszkola w okresie wakacyjnym. Wnioski prosz\u0119 zostawia\u0107 u nauczycieli w grupach.<\/li>\n<li><strong>Od 18 maja do 29 maja<\/strong>\u00a0&#8211; z\u0142o\u017cenie do dyrektora\u00a0<strong>podania<\/strong>\u00a0przez rodzica wraz z\u00a0<strong>uzasadnieniem\u00a0<\/strong>o konieczno\u015bci korzystania z\u00a0innego przedszkola z okre\u015bleniem pe\u0142nych tygodni korzystania z plac\u00f3wki zast\u0119pczej.<\/li>\n<li><strong>Do 15 czerwca<\/strong>\u00a0&#8211; analiza wykorzystania miejsc w plac\u00f3wce w okresie wakacyjnym.<\/li>\n<li><strong>Do 15 czerwca<\/strong>\u00a0&#8211; rozpatrywanie z\u0142o\u017conych przez rodzic\u00f3w poda\u0144 oraz analiza uzasadnie\u0144 (nie zawsze b\u0119dzie to najbli\u017csza plac\u00f3wka).<\/li>\n<li><strong>Do 15 czerwca<\/strong>\u00a0&#8211; wskazywanie rodzicom,\u00a0<strong>w szczeg\u00f3lnie uzasadnionych przypadkach<\/strong>, przedszkola zast\u0119pczego, z kt\u00f3rego mo\u017ce skorzysta\u0107 dziecko w czasie przerwy wakacyjnej.<\/li>\n<\/ol>\n<p>W czasie przerwy wakacyjnej w przedszkolu dokonywane s\u0105 przegl\u0105dy techniczne, serwisy, drobne naprawy i remonty, prace porz\u0105dkowe (czyszczenie i dezynfekcja sprz\u0119t\u00f3w, zabawek, dywan\u00f3w, itp.).[\/vc_column_text][\/vc_column][\/vc_row]<\/p>\n<\/div>","protected":false},"excerpt":{"rendered":"<p>[vc_row][vc_column][vc_column_text css=&#8221;&#8221;]Informujemy, \u017ce przedszkole ma przerw\u0119 wakacyjn\u0105 w miesi\u0105cu SIERPNIU w 2026 r.\u00a0 SYSTEM OPIEKI WAKACYJNEJ W PRZEDSZKOLU NR 17 TERMINY: Do 15 maja \u2013 zbieranie od rodzic\u00f3w za potwierdzeniem [&hellip;]<\/p>\n","protected":false},"author":72,"featured_media":0,"parent":15,"menu_order":0,"comment_status":"closed","ping_status":"closed","template":"","meta":{"ngg_post_thumbnail":0,"footnotes":""},"class_list":["post-5985","page","type-page","status-publish","hentry","clearfix"],"_links":{"self":[{"href":"https:\/\/przedszkole17.edu.wroclaw.pl\/index.php\/wp-json\/wp\/v2\/pages\/5985","targetHints":{"allow":["GET"]}}],"collection":[{"href":"https:\/\/przedszkole17.edu.wroclaw.pl\/index.php\/wp-json\/wp\/v2\/pages"}],"about":[{"href":"https:\/\/przedszkole17.edu.wroclaw.pl\/index.php\/wp-json\/wp\/v2\/types\/page"}],"author":[{"embeddable":true,"href":"https:\/\/przedszkole17.edu.wroclaw.pl\/index.php\/wp-json\/wp\/v2\/users\/72"}],"replies":[{"embeddable":true,"href":"https:\/\/przedszkole17.edu.wroclaw.pl\/index.php\/wp-json\/wp\/v2\/comments?post=5985"}],"version-history":[{"count":12,"href":"https:\/\/przedszkole17.edu.wroclaw.pl\/index.php\/wp-json\/wp\/v2\/pages\/5985\/revisions"}],"predecessor-version":[{"id":18945,"href":"https:\/\/przedszkole17.edu.wroclaw.pl\/index.php\/wp-json\/wp\/v2\/pages\/5985\/revisions\/18945"}],"up":[{"embeddable":true,"href":"https:\/\/przedszkole17.edu.wroclaw.pl\/index.php\/wp-json\/wp\/v2\/pages\/15"}],"wp:attachment":[{"href":"https:\/\/przedszkole17.edu.wroclaw.pl\/index.php\/wp-json\/wp\/v2\/media?parent=5985"}],"curies":[{"name":"wp","href":"https:\/\/api.w.org\/{rel}","templated":true}]}}

<div class="wpb-content-wrapper"><p>[vc_row][vc_column][vc_column_text css=&#8221;&#8221;]<span style="font-family: arial, helvetica, sans-serif;font-size: 14pt">Informujemy, że przedszkole ma przerwę wakacyjną w miesiącu SIERPNIU w 2026 r. </span></p>
<p><strong>SYSTEM OPIEKI WAKACYJNEJ W PRZEDSZKOLU NR 17</strong></p>
<p><strong>TERMINY:</strong></p>
<ol>
<li><strong>Do 15 ma</strong><strong>ja</strong> – zbieranie od rodziców za potwierdzeniem wniosków korzystania z naszego przedszkola w okresie wakacyjnym. Wnioski proszę zostawiać u nauczycieli w grupach.</li>
<li><strong>Od 18 maja do 29 maja</strong> &#8211; złożenie do dyrektora <strong>podania</strong> przez rodzica wraz z <strong>uzasadnieniem </strong>o konieczności korzystania z innego przedszkola z określeniem pełnych tygodni korzystania z placówki zastępczej.</li>
<li><strong>Do 15 czerwca</strong> &#8211; analiza wykorzystania miejsc w placówce w okresie wakacyjnym.</li>
<li><strong>Do 15 czerwca</strong> &#8211; rozpatrywanie złożonych przez rodziców podań oraz analiza uzasadnień (nie zawsze będzie to najbliższa placówka).</li>
<li><strong>Do 15 czerwca</strong> &#8211; wskazywanie rodzicom, <strong>w szczególnie uzasadnionych przypadkach</strong>, przedszkola zastępczego, z którego może skorzystać dziecko w czasie przerwy wakacyjnej.</li>
</ol>
<p>W czasie przerwy wakacyjnej w przedszkolu dokonywane są przeglądy techniczne, serwisy, drobne naprawy i remonty, prace porządkowe (czyszczenie i dezynfekcja sprzętów, zabawek, dywanów, itp.).[/vc_column_text][/vc_column][/vc_row]</p>
</div>

<p>[vc_row][vc_column][vc_column_text css=&#8221;&#8221;]Informujemy, że przedszkole ma przerwę wakacyjną w miesiącu SIERPNIU w 2026 r.  SYSTEM OPIEKI WAKACYJNEJ W PRZEDSZKOLU NR 17 TERMINY: Do 15 maja – zbieranie od rodziców za potwierdzeniem [&hellip;]</p>
